e -5*j - 13 + 138 = 0. Calculate the greatest common factor of 5 and j.
5
Let j = 35 + -26. Calculate the greatest common factor of j and 3.
3
Let a be 12/1 + (1 - 1). Let s be ((-36)/(-8))/((-9)/(-60)). What is the highest common divisor of a and s?
6
Suppose 2*m + 0*m = 2. Suppose 3*s = 19 - m. Suppose -s*q + 90 = -q. Calculate the highest common divisor of 27 and q.
9
Let i be (6 - 5)*-7 + 43. Let v be 1*-17*-1 - -1. Calculate the highest common factor of v and i.
18
Let f be (5 - 1)*(-2)/(-2). Suppose -1 = -f*i + 3. What is the highest common factor of 2 and i?
1
Let m be ((-9)/2)/((-18)/168). Let a = m + -18. What is the greatest common factor of a and 12?
12
Suppose 20 = 2*c + 2*c. Suppose 2 = 4*m - 3*m. What is the greatest common divisor of c and m?
1
Let b be -9*(3 + (-46)/6). What is the highest common factor of b and 105?
21
Let m = 17 - -28. Let x be (10/8)/(8/32). Calculate the highest common divisor of m and x.
5
Let n be 3*(-104)/(-60)*55. What is the greatest common factor of 26 and n?
26
Let w(k) be the first derivative of 5*k**2/2 + 2*k + 1. Let b be w(2). Let t = 308 - 176. What is the greatest common divisor of t and b?
12
Suppose m = 4*l - 20, 3*l = -4*m + 1 - 5. Let z(c) = 6*c**3 - c - 1. Let y be z(1). What is the greatest common factor of l and y?
4
Let f = 1 + 5. Let b be (-2 - f)*(-2)/4. Suppose -68 = -4*a + 3*r, -5*a - r + 85 = -b*r. What is the highest common divisor of 34 and a?
17
Suppose -760 = -4*r + 2*a, 0*r - 784 = -4*r - 4*a. What is the greatest common factor of r and 24?
24
Let u = -15 + 6. Let n = u - -7. Let p be 13 - (1 + 0 - n). Calculate the highest common divisor of 25 and p.
5
Suppose -5 = -m - 0*b + 2*b, m = -2*b + 1. Suppose k + m*k = 0. Suppose k = 2*g - g - 21. Calculate the greatest common factor of 14 and g.
7
Let v(w) = w**2 + 2*w + 1. Let o be v(-3). Suppose -5*m - a = -133, o*m - a = 31 + 79. Suppose 0 = -k + 4 + 5. What is the highest common factor of k and m?
9
Suppose x - 2 = 4*j + 11, -16 = -2*x + 3*j. Suppose -g = -2*d - 69, 0*g + g = x*d + 69. Calculate the highest common factor of g and 23.
23
Let m(f) = -1 - 3 + 10 - 2*f + 2*f**2 - 6*f. Let v be m(6). Suppose 0*h - v = -2*h. What is the highest common divisor of h and 15?
15
Let x(q) = -2*q**3 - q**2 + 1. Let s be x(1). Let v be 13 + -5 - s/(-2). What is the greatest common divisor of v and 77?
7
Suppose 4*u - 115 = -u. Calculate the highest common divisor of 23 and u.
23
Suppose -5*z = -0*z - 15. Suppose -z*q = q - 56. What is the greatest common factor of q and 42?
14
Suppose -2*q - 3*m - 4 = -4*q, q - 5*m = -5. Suppose 0 = -q*u + 41 - 11. Calculate the greatest common factor of u and 2.
2
Suppose -4*n = -29 - 67. Calculate the greatest common factor of n and 12.
12
Let j(b) = -b**2 - 3*b + 80. Let v be j(0). Calculate the highest common divisor of 10 and v.
10
Let i(n) = 2*n**2 - n. Let k be i(-3). Let j be ((-4)/(-6))/(2/k). Let r = 18 - j. Calculate the highest common divisor of 22 and r.
11
Suppose -16 = -0*s - 2*s. Suppose -s = 5*c - 88. Calculate the greatest common divisor of 4 and c.
4
Let i(c) = 6*c - 10. Let f be i(11). Calculate the highest common factor of 8 and f.
8
Let v be (2/(-6))/((2 + 1)/(-54)). What is the greatest common divisor of v and 18?
6
Suppose 2*a + 72 = 5*a. Let z(g) = -g**3 + 7*g**2 + 7*g + 11. Let j be 39/5 - (-3)/15. Let v be z(j). What is the highest common factor of a and v?
3
Suppose -4*n + 3*n = -60. Let h = 8 - -7. What is the highest common factor of h and n?
15
Let f(y) = y. Let s be f(7). Calculate the greatest common divisor of s and 42.
7
Suppose -2*c = 2*q + 10, 2*c + 5 + 2 = -5*q. Let z be (20/c)/(26/(-117)). What is the highest common divisor of z and 5?
5
Suppose -2*o - 3*h + 92 = 0, 0 = o + 4*o + 5*h - 230. Let x = -6 + o. Let n = 17 - 7. What is the highest common factor of n and x?
10
Let m be 4/(-18) - 202/(-18). Let l = m - -3. Let a be (124/(-24) - -4)*-18. Calculate the greatest common factor of a and l.
7
Suppose -5*c + 84 = 5*a - 301, 3*c = 2*a - 129. Let p be (-91)/(-2) - (-6)/(-12). Suppose 0*f - p = -5*f. What is the greatest common divisor of f and a?
9
Suppose 0*u - 150 = -3*u. Let g = 3 + -7. Let c(w) = -4*w - 6. Let r be c(g). Calculate the greatest common factor of r and u.
10
Suppose 5*z - z - 36 = 0. Suppose 0 = 2*c - 2*w - 14, 0 = -c + 2*w + 4 + 1. Let s be (c/(-2))/(3/(-24)). Calculate the highest common factor of z and s.
9
Let g = 90 + -18. Suppose 2*x - g = -x. What is the greatest common divisor of 12 and x?
12
Let i(a) = -11*a**3 + a + 2. Let u be i(-1). What is the greatest common factor of 48 and u?
12
Let d(g) = 4*g - 2. Let r be d(1). Suppose r*x - 10 = 18. Let s(l) = -19*l**3 - 2*l - 2. Let v be s(-2). Calculate the highest common divisor of v and x.
14
Let u = 25 - 17. Calculate the highest common divisor of u and 8.
8
Let v be 15/9*1*3. Suppose -v*w = 0, -w - 172 = -5*j + 53. Suppose -2*u - 3*u = 3*o, 4*o - 8 = -4*u. Calculate the greatest common divisor of o and j.
5
Let f = -55 - -93. What is the highest common factor of 95 and f?
19
Let r(l) be the first derivative of -7*l**2/2 - 2*l + 1. Let t be r(-2). What is the greatest common factor of t and 12?
12
Suppose 4*i + 60 = 4*a - 24, 2*a + 5*i - 42 = 0. Let v be a/(2*(-2)/(-4)). Calculate the greatest common factor of 42 and v.
21
Suppose -2*r - 8 = -32. Suppose -i = -r - 8. What is the greatest common divisor of 20 and i?
20
Suppose 0 = 2*i - 6 - 20. Calculate the highest common divisor of 221 and i.
13
Suppose 3*z - 3*a = 60, 4*z - 62 = -3*a - 3. Let t be 2 + -7 - ((-286)/2 + 2). What is the greatest common divisor of z and t?
17
Let r = -27 + 78. Calculate the highest common factor of 34 and r.
17
Let j be (-2 - -1) + 8*1. Let f(z) = 5*z + 2. Let g be f(-2). Let p = 20 - g. What is the highest common divisor of p and j?
7
Suppose -3*f - t + 72 = -0*f, -f = 2*t - 24. Suppose -2*r - 12 = -5*r. What is the greatest common divisor of f and r?
4
Let q be ((-3 - -10) + -1)/1. Calculate the highest common factor of 3 and q.
3
Let w be (-10)/55 - (-2)/11. Suppose 0*t - t + 3 = w. Let s be -3 + 1 + t + 0. What is the greatest common divisor of 11 and s?
1
Suppose -3*m + 2 = -4. Suppose -16 = -2*o - m*o. Suppose 704 = o*x + 4*d, -d = -2*x + 3*d + 376. Calculate the highest common divisor of 18 and x.
18
Suppose 0 = -2*j - 2*j + 4. Let y be 1 + 0/(-1) + j. Suppose 0 = -y*a + a + 7. Calculate the highest common factor of 28 and a.
7
Let n(z) = 10*z + 12. Let a be n(6). What is the highest common divisor of 18 and a?
18
Suppose 72 = 23*m - 22*m. Calculate the highest common factor of m and 24.
24
Let x(i) = -i**3 - 15*i**2 + 9*i - 12. Let w be x(-16). Calculate the highest common divisor of w and 20.
20
Suppose -r = y - 6 + 17, -5*r + 57 = -3*y. Let a be ((-4)/y)/(4/28). Suppose -z = -3*z + a. What is the greatest common divisor of 2 and z?
1
Let q(w) = 3*w - 4. Suppose -20 = 4*p, 5*j + p = 28 + 7. Let f be q(j). What is the greatest common divisor of f and 8?
4
Let d(y) = -23*y + 2. Let q be d(-6). Suppose -6*k - q = -k. Let s = 43 + k. What is the greatest common factor of s and 6?
3
Let z(h) = h**2 + 2*h + 99. Let x be z(0). Calculate the highest common divisor of 9 and x.
9
Let l(j) = -2*j + 27. Let b be l(8). Calculate the greatest common factor of b and 11.
11
Let d be -7 - (-1 - 2) - -2. Let z be (-19 + 5)/(1*d). What is the greatest common factor of z and 28?
7
Let s(n) = 3*n**2 + 2*n + 4. Let b be s(-3). Let t be (-8)/24 + (-91)/(-3). Let p = 95 + t. Calculate the greatest common divisor of b and p.
25
Let c(b) = b**2 + 7*b - 1. Let s be c(-8). Calculate the greatest common divisor of 84 and s.
7
Suppose -z - 2*n + n + 107 = 0, -4*z - 2*n = -430. Calculate the greatest common factor of 12 and z.
12
Let y(f) = -f**2 + 17*f + 28. Let x be y(18). What is the greatest common divisor of x and 10?
10
Suppose 150 = 2*k + k. Calculate the highest common factor of 10 and k.
10
Let k(w) = -4*w**3 - 3*w**2 + 2. Let j be k(-2). Let g = j + 40. Let z = 90 - g. What is the greatest common divisor of z and 4?
4
Suppose s + 19 = -3*k + 2, 0 = -3*s + 2*k - 18. Let v = s + 23. What is the highest common divisor of 6 and v?
3
Let m be (107/7)/1 - 6/21. What is the highest common factor of m and 10?
5
Let k be (-1)/(-